{"id":789,"date":"2024-04-06T17:32:18","date_gmt":"2024-04-06T17:32:18","guid":{"rendered":"https:\/\/michalczinege.com\/?page_id=789"},"modified":"2025-10-12T12:17:28","modified_gmt":"2025-10-12T12:17:28","slug":"slow-painting","status":"publish","type":"page","link":"https:\/\/michalczinege.com\/?page_id=789","title":{"rendered":"Slow Painting"},"content":{"rendered":"\n<p>Galleria Tyko 5.10.\u201329.11.2023<\/p>\n\n\n\n<p>Vaikka Michal Czinegelt\u00e4 viime vuosina Suomessa n\u00e4hdyt ty\u00f6t ovat olleet p\u00e4\u00e4asiassa paikkaan ja aikaan kytkettyj\u00e4 tilallisia installaatioteoksia, Czinegen tausta on voimakkaasti maalaustaiteessa ja yht\u00e4 lailla t\u00e4rke\u00e4\u00e4 h\u00e4nelle on maalata. Siin\u00e4 miss\u00e4 installaatiot ovat muuttuvia tapahtumia katsojan ja teoksen v\u00e4lill\u00e4, Galleria Tykossa esill\u00e4&nbsp;olevissa maalauksissa Czinege tutkii katoavia muutosilmi\u00f6it\u00e4 konkreettisesti aineen tasolla.<\/p>\n\n\n\n<p>Maalaussarjan \u201dMerenneidon kyyneleet\u201d visuaalisena perustana on niin sanottu plastiglomeraatti. Se on kivettynytt\u00e4 ainesta, jota muodostuu, kun merten muovij\u00e4tett\u00e4 ja orgaanisia aineksia sulautuu yhteen ja fossilisoituu geologisiksi kerrostumiksi, merkeiksi ihmisen aikakaudesta. Czinegen maalauksissa kuvasta on fossiilin tavoin tunnistettavissa sirpaleita kadonneesta maailmasta sek\u00e4 yhteen sulautuneita fragmentteja luonnosta ja arkip\u00e4iv\u00e4isen tavaramaailman kuvastosta. H\u00e4n purkaa ristiriitaa ihmisen aiheuttamasta l\u00e4htem\u00e4tt\u00f6m\u00e4st\u00e4 j\u00e4ljest\u00e4 ja toisaalta olevan pysym\u00e4tt\u00f6myydest\u00e4; niin oman el\u00e4m\u00e4mme kuin kaiken olemassa olevan, mik\u00e4 muuttaa muotoaan, rappeutuu, hajoaa ja luo tilaa muulle.&nbsp;<\/p>\n\n\n\n<p>Kiertokulku, ihmisen j\u00e4lki ja muutos liittyv\u00e4t n\u00e4yttelyn teoksiin hyvin konkreettisesti. Jo pitk\u00e4\u00e4n Czinegen taiteellisen ty\u00f6skentelyn rinnalla on kulkenut kokeellinen tutkimusty\u00f6, jossa h\u00e4n kehitt\u00e4\u00e4 ty\u00f6h\u00f6ns\u00e4 ymp\u00e4rist\u00f6n kannalta kest\u00e4v\u00e4mpi\u00e4 materiaaleja ja rakenneratkaisuja. Tavoitteena on irtautua monista ongelmallisista ainesosista ja korvata ne myrkytt\u00f6mill\u00e4 ja hajoavilla materiaaleilla. Pigmenttien valmistuksessa Czinege on k\u00e4ytt\u00e4nyt muun muassa polttopuiden tuhkaa naapuruston uuneista, lupiinin kukkia ja mustikkaa.&nbsp;V\u00e4riaineina on my\u00f6s maapigmenttej\u00e4, sidosaineina selluloosaa ja saksanp\u00e4hkin\u00e4\u00f6ljy\u00e4.&nbsp;Nestem\u00e4isi\u00e4&nbsp;musteita syntyy esimerkiksi kurkuman ja alkoholin tai kupariromun ja etikan v\u00e4lisist\u00e4 kemiallisista reaktioista.&nbsp;<\/p>\n\n\n\n<p>N\u00e4yttely&nbsp;on kosketus&nbsp;vuosien muutosprosessiin.&nbsp;Mukana on viimeisimpi\u00e4 kokeita musteiden valonpit\u00e4vyydest\u00e4 kuin my\u00f6s maalauksia ensimm\u00e4isill\u00e4 itse valmistetuilla \u00f6ljymaaleilla.&nbsp;Menetelm\u00e4t ovat hitaita. Ainesosien ker\u00e4\u00e4minen, maalausaineiden hidas kuivuminen ja niiden monivaiheinen valmistus ep\u00e4onnistumisineen viev\u00e4t aikaa. Ty\u00f6skentely rytmittyy materiaalien ehdoilla eri tavoin kuin ennen. L\u00e4ht\u00f6kohtana on ollut, ettei muutos vaikuttaisi merkitt\u00e4v\u00e4sti teosten ulkon\u00e4k\u00f6\u00f6n tai sis\u00e4lt\u00f6\u00f6n, mutta vaikutukset ovat sit\u00e4kin kokonaisvaltaisempia ja ovat saaneet Czinegen punnitsemaan taiteellisen tuotannon arvoja laaja-alaisesti. Tutkimusmatka ei ole viel\u00e4 tullut p\u00e4\u00e4tepisteeseens\u00e4.<br><br>Teksti: Maija Laurinen&nbsp;<\/p>\n\n\n\n<p>Taiteilijan ty\u00f6skentely\u00e4 ovat tukeneet Taiteen edist\u00e4miskeskus ja Nurmeksen kaupunki.<\/p>\n\n\n<div class=\"wp-block-image\">\n<figure class=\"aligncenter size-full\"><img loading=\"lazy\" decoding=\"async\" width=\"1200\" height=\"801\" src=\"https:\/\/michalczinege.com\/wp-content\/uploads\/2025\/10\/DSC_3856-copy.jpg\" alt=\"\" class=\"wp-image-1161\" srcset=\"https:\/\/michalczinege.com\/wp-content\/uploads\/2025\/10\/DSC_3856-copy.jpg 1200w, https:\/\/michalczinege.com\/wp-content\/uploads\/2025\/10\/DSC_3856-copy-300x200.jpg 300w, https:\/\/michalczinege.com\/wp-content\/uploads\/2025\/10\/DSC_3856-copy-520x347.jpg 520w, https:\/\/michalczinege.com\/wp-content\/uploads\/2025\/10\/DSC_3856-copy-768x513.jpg 768w\" sizes=\"auto, (max-width: 1200px) 100vw, 1200px\" \/><\/figure>\n<\/div>\n\n\n<figure class=\"wp-block-image size-full\"><img loading=\"lazy\" decoding=\"async\" width=\"1000\" height=\"1498\" src=\"https:\/\/michalczinege.com\/wp-content\/uploads\/2025\/10\/DSC_3824-copy.jpg\" alt=\"\" class=\"wp-image-1159\" srcset=\"https:\/\/michalczinege.com\/wp-content\/uploads\/2025\/10\/DSC_3824-copy.jpg 1000w, https:\/\/michalczinege.com\/wp-content\/uploads\/2025\/10\/DSC_3824-copy-200x300.jpg 200w, https:\/\/michalczinege.com\/wp-content\/uploads\/2025\/10\/DSC_3824-copy-520x779.jpg 520w, https:\/\/michalczinege.com\/wp-content\/uploads\/2025\/10\/DSC_3824-copy-768x1150.jpg 768w\" sizes=\"auto, (max-width: 1000px) 100vw, 1000px\" \/><\/figure>\n\n\n\n<p style=\"font-size:15px\"><mark style=\"background-color:rgba(0, 0, 0, 0);color:#212cc3\" class=\"has-inline-color\">Installation views at Galleria Tyko, Nurmes, Finland, 2023<\/mark><\/p>\n\n\n<div class=\"wp-block-image\">\n<figure class=\"aligncenter size-full\"><img loading=\"lazy\" decoding=\"async\" width=\"1000\" height=\"667\" src=\"https:\/\/michalczinege.com\/wp-content\/uploads\/2025\/10\/2.jpg\" alt=\"\" class=\"wp-image-1187\" srcset=\"https:\/\/michalczinege.com\/wp-content\/uploads\/2025\/10\/2.jpg 1000w, https:\/\/michalczinege.com\/wp-content\/uploads\/2025\/10\/2-300x200.jpg 300w, https:\/\/michalczinege.com\/wp-content\/uploads\/2025\/10\/2-520x347.jpg 520w, https:\/\/michalczinege.com\/wp-content\/uploads\/2025\/10\/2-768x512.jpg 768w\" sizes=\"auto, (max-width: 1000px) 100vw, 1000px\" \/><\/figure>\n<\/div>\n\n\n<p style=\"font-size:15px\">Auxiliary instruments for making copper ink, piece of copper pipe after two weeks in vinegar bath, pigment from egg shells, pieces of eggshells, pigment from charcoal, pieces of charcoal, 2020<\/p>\n\n\n<div class=\"wp-block-image\">\n<figure class=\"aligncenter size-full\"><img loading=\"lazy\" decoding=\"async\" width=\"1000\" height=\"1499\" src=\"https:\/\/michalczinege.com\/wp-content\/uploads\/2025\/10\/DSC_3806-copy.jpg\" alt=\"\" class=\"wp-image-1168\" srcset=\"https:\/\/michalczinege.com\/wp-content\/uploads\/2025\/10\/DSC_3806-copy.jpg 1000w, https:\/\/michalczinege.com\/wp-content\/uploads\/2025\/10\/DSC_3806-copy-200x300.jpg 200w, https:\/\/michalczinege.com\/wp-content\/uploads\/2025\/10\/DSC_3806-copy-520x779.jpg 520w, https:\/\/michalczinege.com\/wp-content\/uploads\/2025\/10\/DSC_3806-copy-768x1151.jpg 768w\" sizes=\"auto, (max-width: 1000px) 100vw, 1000px\" \/><\/figure>\n<\/div>\n\n\n<p style=\"font-size:15px\"><mark style=\"background-color:rgba(0, 0, 0, 0);color:#212cc3\" class=\"has-inline-color\">(detail) Tests with cellulose and natural inks, 60&#215;60 cm, 2023<\/mark><\/p>\n\n\n\n<figure class=\"wp-block-image size-full\"><img loading=\"lazy\" decoding=\"async\" width=\"1000\" height=\"1394\" src=\"https:\/\/michalczinege.com\/wp-content\/uploads\/2025\/10\/DSC_3837-copy.jpg\" alt=\"\" class=\"wp-image-1200\" srcset=\"https:\/\/michalczinege.com\/wp-content\/uploads\/2025\/10\/DSC_3837-copy.jpg 1000w, https:\/\/michalczinege.com\/wp-content\/uploads\/2025\/10\/DSC_3837-copy-215x300.jpg 215w, https:\/\/michalczinege.com\/wp-content\/uploads\/2025\/10\/DSC_3837-copy-520x725.jpg 520w, https:\/\/michalczinege.com\/wp-content\/uploads\/2025\/10\/DSC_3837-copy-768x1071.jpg 768w\" sizes=\"auto, (max-width: 1000px) 100vw, 1000px\" \/><\/figure>\n\n\n<div class=\"wp-block-image\">\n<figure class=\"aligncenter size-full\"><img loading=\"lazy\" decoding=\"async\" width=\"1000\" height=\"667\" src=\"https:\/\/michalczinege.com\/wp-content\/uploads\/2025\/10\/5.jpg\" alt=\"\" class=\"wp-image-1230\" srcset=\"https:\/\/michalczinege.com\/wp-content\/uploads\/2025\/10\/5.jpg 1000w, https:\/\/michalczinege.com\/wp-content\/uploads\/2025\/10\/5-300x200.jpg 300w, https:\/\/michalczinege.com\/wp-content\/uploads\/2025\/10\/5-520x347.jpg 520w, https:\/\/michalczinege.com\/wp-content\/uploads\/2025\/10\/5-768x512.jpg 768w\" sizes=\"auto, (max-width: 1000px) 100vw, 1000px\" \/><\/figure>\n<\/div>\n\n\n<p style=\"font-size:15px\"><mark style=\"background-color:rgba(0, 0, 0, 0);color:#212cc3\" class=\"has-inline-color\">Testing canvases, small glass jars with pigments (from lupine flowers, blueberries etc.), bigger glass jars with natural inks (from curcuma with rubbing alcohol, copper with vinegar etc.), glass jar with cellulose, glass jar with nontoxic oil glaze medium own mixture, 2022\u201323<\/mark><\/p>\n\n\n<div class=\"wp-block-image\">\n<figure class=\"aligncenter size-full\"><img loading=\"lazy\" decoding=\"async\" width=\"1000\" height=\"1498\" src=\"https:\/\/michalczinege.com\/wp-content\/uploads\/2025\/10\/DSC_3764-copy.jpg\" alt=\"\" class=\"wp-image-1182\" srcset=\"https:\/\/michalczinege.com\/wp-content\/uploads\/2025\/10\/DSC_3764-copy.jpg 1000w, https:\/\/michalczinege.com\/wp-content\/uploads\/2025\/10\/DSC_3764-copy-200x300.jpg 200w, https:\/\/michalczinege.com\/wp-content\/uploads\/2025\/10\/DSC_3764-copy-520x779.jpg 520w, https:\/\/michalczinege.com\/wp-content\/uploads\/2025\/10\/DSC_3764-copy-768x1150.jpg 768w\" sizes=\"auto, (max-width: 1000px) 100vw, 1000px\" \/><\/figure>\n<\/div>\n\n<div class=\"wp-block-image\">\n<figure class=\"aligncenter size-full\"><img loading=\"lazy\" decoding=\"async\" width=\"1000\" height=\"1498\" src=\"https:\/\/michalczinege.com\/wp-content\/uploads\/2025\/10\/DSC_3770-copy.jpg\" alt=\"\" class=\"wp-image-1184\" srcset=\"https:\/\/michalczinege.com\/wp-content\/uploads\/2025\/10\/DSC_3770-copy.jpg 1000w, https:\/\/michalczinege.com\/wp-content\/uploads\/2025\/10\/DSC_3770-copy-200x300.jpg 200w, https:\/\/michalczinege.com\/wp-content\/uploads\/2025\/10\/DSC_3770-copy-520x779.jpg 520w, https:\/\/michalczinege.com\/wp-content\/uploads\/2025\/10\/DSC_3770-copy-768x1150.jpg 768w\" sizes=\"auto, (max-width: 1000px) 100vw, 1000px\" \/><\/figure>\n<\/div>\n\n\n<figure class=\"wp-block-image size-full\"><img loading=\"lazy\" decoding=\"async\" width=\"1000\" height=\"1499\" src=\"https:\/\/michalczinege.com\/wp-content\/uploads\/2025\/10\/DSC_3795-copy.jpg\" alt=\"\" class=\"wp-image-1163\" srcset=\"https:\/\/michalczinege.com\/wp-content\/uploads\/2025\/10\/DSC_3795-copy.jpg 1000w, https:\/\/michalczinege.com\/wp-content\/uploads\/2025\/10\/DSC_3795-copy-200x300.jpg 200w, https:\/\/michalczinege.com\/wp-content\/uploads\/2025\/10\/DSC_3795-copy-520x779.jpg 520w, https:\/\/michalczinege.com\/wp-content\/uploads\/2025\/10\/DSC_3795-copy-768x1151.jpg 768w\" sizes=\"auto, (max-width: 1000px) 100vw, 1000px\" \/><\/figure>\n\n\n\n<p style=\"font-size:16px\">Friendly Floatees 2, 2023. Cellulose, natural ink from blueberries, copper ink with vinegar, natural ink from curcuma with rubbing alcohol on cotton, 60&#215;50 cm (detail)<\/p>\n\n\n\n<figure class=\"wp-block-image size-full\"><img loading=\"lazy\" decoding=\"async\" width=\"1000\" height=\"1499\" src=\"https:\/\/michalczinege.com\/wp-content\/uploads\/2025\/10\/DSC_3796-copy.jpg\" alt=\"\" class=\"wp-image-1165\" srcset=\"https:\/\/michalczinege.com\/wp-content\/uploads\/2025\/10\/DSC_3796-copy.jpg 1000w, https:\/\/michalczinege.com\/wp-content\/uploads\/2025\/10\/DSC_3796-copy-200x300.jpg 200w, https:\/\/michalczinege.com\/wp-content\/uploads\/2025\/10\/DSC_3796-copy-520x779.jpg 520w, https:\/\/michalczinege.com\/wp-content\/uploads\/2025\/10\/DSC_3796-copy-768x1151.jpg 768w\" sizes=\"auto, (max-width: 1000px) 100vw, 1000px\" \/><\/figure>\n\n\n\n<p style=\"font-size:16px\">Friendly Floatees 1, 2023. Cellulose and synthetic pigment on cotton, 60&#215;50 cm<\/p>\n\n\n<div class=\"wp-block-image\">\n<figure class=\"aligncenter size-full\"><img loading=\"lazy\" decoding=\"async\" width=\"1000\" height=\"667\" src=\"https:\/\/michalczinege.com\/wp-content\/uploads\/2025\/10\/3.jpg\" alt=\"\" class=\"wp-image-1198\" srcset=\"https:\/\/michalczinege.com\/wp-content\/uploads\/2025\/10\/3.jpg 1000w, https:\/\/michalczinege.com\/wp-content\/uploads\/2025\/10\/3-300x200.jpg 300w, https:\/\/michalczinege.com\/wp-content\/uploads\/2025\/10\/3-520x347.jpg 520w, https:\/\/michalczinege.com\/wp-content\/uploads\/2025\/10\/3-768x512.jpg 768w\" sizes=\"auto, (max-width: 1000px) 100vw, 1000px\" \/><\/figure>\n<\/div>\n\n\n<p style=\"font-size:15px\"><mark style=\"background-color:rgba(0, 0, 0, 0);color:#212cc3\" class=\"has-inline-color\">Small paintings on cotton canvas, various painting materials like oil, oil glaze, watercolours, cellulose mixed with pigments, various sizes, 2023<\/mark><\/p>\n\n\n\n<figure class=\"wp-block-image size-full\"><img loading=\"lazy\" decoding=\"async\" width=\"1182\" height=\"1771\" src=\"https:\/\/michalczinege.com\/wp-content\/uploads\/2025\/10\/donald-judd-DSC_3846-copy.jpg\" alt=\"\" class=\"wp-image-1172\" srcset=\"https:\/\/michalczinege.com\/wp-content\/uploads\/2025\/10\/donald-judd-DSC_3846-copy.jpg 1182w, https:\/\/michalczinege.com\/wp-content\/uploads\/2025\/10\/donald-judd-DSC_3846-copy-200x300.jpg 200w, https:\/\/michalczinege.com\/wp-content\/uploads\/2025\/10\/donald-judd-DSC_3846-copy-520x779.jpg 520w, https:\/\/michalczinege.com\/wp-content\/uploads\/2025\/10\/donald-judd-DSC_3846-copy-768x1151.jpg 768w, https:\/\/michalczinege.com\/wp-content\/uploads\/2025\/10\/donald-judd-DSC_3846-copy-1025x1536.jpg 1025w\" sizes=\"auto, (max-width: 1182px) 100vw, 1182px\" \/><\/figure>\n\n\n\n<p class=\"has-text-color has-link-color wp-elements-635379df1d8238d8c0e1233e6b1f014f\" style=\"color:#1d23be;font-size:16px\">Donald Judd, 2019. Pigment and linseed oil on canvas, 80&#215;60 cm (detail)<\/p>\n\n\n\n<figure class=\"wp-block-image size-full\"><img loading=\"lazy\" decoding=\"async\" width=\"1000\" height=\"1498\" src=\"https:\/\/michalczinege.com\/wp-content\/uploads\/2025\/10\/DSC_3844-copy.jpg\" alt=\"\" class=\"wp-image-1174\" srcset=\"https:\/\/michalczinege.com\/wp-content\/uploads\/2025\/10\/DSC_3844-copy.jpg 1000w, https:\/\/michalczinege.com\/wp-content\/uploads\/2025\/10\/DSC_3844-copy-200x300.jpg 200w, https:\/\/michalczinege.com\/wp-content\/uploads\/2025\/10\/DSC_3844-copy-520x779.jpg 520w, https:\/\/michalczinege.com\/wp-content\/uploads\/2025\/10\/DSC_3844-copy-768x1150.jpg 768w\" sizes=\"auto, (max-width: 1000px) 100vw, 1000px\" \/><\/figure>\n\n\n\n<p class=\"has-text-color has-link-color wp-elements-d222c365bee6d158bd2d17ea80b90cac\" style=\"color:#1d23be;font-size:16px\">Garden Skull, 2019. Pigment and linseed oil on canvas, 40&#215;35 cm.<\/p>\n\n\n\n<figure class=\"wp-block-image size-full\"><img loading=\"lazy\" decoding=\"async\" width=\"1000\" height=\"1498\" src=\"https:\/\/michalczinege.com\/wp-content\/uploads\/2025\/10\/DSC_3847-copy.jpg\" alt=\"\" class=\"wp-image-1178\" srcset=\"https:\/\/michalczinege.com\/wp-content\/uploads\/2025\/10\/DSC_3847-copy.jpg 1000w, https:\/\/michalczinege.com\/wp-content\/uploads\/2025\/10\/DSC_3847-copy-200x300.jpg 200w, https:\/\/michalczinege.com\/wp-content\/uploads\/2025\/10\/DSC_3847-copy-520x779.jpg 520w, https:\/\/michalczinege.com\/wp-content\/uploads\/2025\/10\/DSC_3847-copy-768x1150.jpg 768w\" sizes=\"auto, (max-width: 1000px) 100vw, 1000px\" \/><\/figure>\n\n\n\n<p class=\"has-text-color has-link-color wp-elements-b26e33a2c5963d2baf45e453a1d5cb94\" style=\"color:#1d23be;font-size:16px\">Long Look, 2019. Pigment and linseed oil on canvas, 45&#215;40 cm (detail)<\/p>\n\n\n\n<figure class=\"wp-block-image size-full\"><img loading=\"lazy\" decoding=\"async\" width=\"1000\" height=\"1448\" src=\"https:\/\/michalczinege.com\/wp-content\/uploads\/2025\/10\/DSC_3850-copy.jpg\" alt=\"\" class=\"wp-image-1152\" srcset=\"https:\/\/michalczinege.com\/wp-content\/uploads\/2025\/10\/DSC_3850-copy.jpg 1000w, https:\/\/michalczinege.com\/wp-content\/uploads\/2025\/10\/DSC_3850-copy-207x300.jpg 207w, https:\/\/michalczinege.com\/wp-content\/uploads\/2025\/10\/DSC_3850-copy-520x753.jpg 520w, https:\/\/michalczinege.com\/wp-content\/uploads\/2025\/10\/DSC_3850-copy-768x1112.jpg 768w\" sizes=\"auto, (max-width: 1000px) 100vw, 1000px\" \/><\/figure>\n\n\n\n<p style=\"font-size:16px\">Mermaid&#8217;s Tears 6, 2022. Wood ash and walnut oil on canvas, 40&#215;30 cm\/ wooden case 51&#215;40 cm.<\/p>\n\n\n\n<figure class=\"wp-block-image size-full\"><img loading=\"lazy\" decoding=\"async\" width=\"1000\" height=\"1448\" src=\"https:\/\/michalczinege.com\/wp-content\/uploads\/2025\/10\/DSC_3852-copy.jpg\" alt=\"\" class=\"wp-image-1151\" srcset=\"https:\/\/michalczinege.com\/wp-content\/uploads\/2025\/10\/DSC_3852-copy.jpg 1000w, https:\/\/michalczinege.com\/wp-content\/uploads\/2025\/10\/DSC_3852-copy-207x300.jpg 207w, https:\/\/michalczinege.com\/wp-content\/uploads\/2025\/10\/DSC_3852-copy-520x753.jpg 520w, https:\/\/michalczinege.com\/wp-content\/uploads\/2025\/10\/DSC_3852-copy-768x1112.jpg 768w\" sizes=\"auto, (max-width: 1000px) 100vw, 1000px\" \/><\/figure>\n\n\n\n<p style=\"font-size:16px\">Mermaid&#8217;s Tears 5, 2022. Wood ash and walnut oil on canvas, 40&#215;30 cm\/ wooden case 51&#215;40 cm.<\/p>\n","protected":false},"excerpt":{"rendered":"<p>Galleria Tyko 5.10.\u201329.11.2023 Vaikka Michal Czinegelt\u00e4 viime vuosina Suomessa n\u00e4hdyt ty\u00f6t ovat olleet p\u00e4\u00e4asiassa paikkaan ja aikaan kytkettyj\u00e4 tilallisia installaatioteoksia, Czinegen tausta on voimakkaasti maalaustaiteessa ja yht\u00e4 lailla t\u00e4rke\u00e4\u00e4 h\u00e4nelle on maalata. Siin\u00e4 miss\u00e4 installaatiot ovat muuttuvia tapahtumia katsojan ja teoksen v\u00e4lill\u00e4, Galleria Tykossa esill\u00e4&nbsp;olevissa maalauksissa Czinege tutkii katoavia muutosilmi\u00f6it\u00e4 konkreettisesti aineen tasolla. Maalaussarjan \u201dMerenneidon &hellip; <a href=\"https:\/\/michalczinege.com\/?page_id=789\" class=\"more-link\">Continue reading <span class=\"screen-reader-text\">Slow Painting<\/span><\/a><\/p>\n","protected":false},"author":4,"featured_media":0,"parent":0,"menu_order":0,"comment_status":"closed","ping_status":"closed","template":"","meta":{"footnotes":""},"class_list":["post-789","page","type-page","status-publish","hentry"],"_links":{"self":[{"href":"https:\/\/michalczinege.com\/index.php?rest_route=\/wp\/v2\/pages\/789","targetHints":{"allow":["GET"]}}],"collection":[{"href":"https:\/\/michalczinege.com\/index.php?rest_route=\/wp\/v2\/pages"}],"about":[{"href":"https:\/\/michalczinege.com\/index.php?rest_route=\/wp\/v2\/types\/page"}],"author":[{"embeddable":true,"href":"https:\/\/michalczinege.com\/index.php?rest_route=\/wp\/v2\/users\/4"}],"replies":[{"embeddable":true,"href":"https:\/\/michalczinege.com\/index.php?rest_route=%2Fwp%2Fv2%2Fcomments&post=789"}],"version-history":[{"count":42,"href":"https:\/\/michalczinege.com\/index.php?rest_route=\/wp\/v2\/pages\/789\/revisions"}],"predecessor-version":[{"id":1239,"href":"https:\/\/michalczinege.com\/index.php?rest_route=\/wp\/v2\/pages\/789\/revisions\/1239"}],"wp:attachment":[{"href":"https:\/\/michalczinege.com\/index.php?rest_route=%2Fwp%2Fv2%2Fmedia&parent=789"}],"curies":[{"name":"wp","href":"https:\/\/api.w.org\/{rel}","templated":true}]}}